{"id":25,"date":"2024-07-01T13:51:09","date_gmt":"2024-07-01T11:51:09","guid":{"rendered":"http:\/\/wvrvfbf.cluster023.hosting.ovh.net\/?page_id=25"},"modified":"2025-04-08T11:53:51","modified_gmt":"2025-04-08T09:53:51","slug":"hebergement","status":"publish","type":"page","link":"https:\/\/congresfnas.fr\/index.php\/hebergement\/","title":{"rendered":"Informations pratiques"},"content":{"rendered":"<p>[et_pb_section fb_built=\u00a0\u00bb1&Prime; _builder_version=\u00a0\u00bb4.25.2&Prime; _module_preset=\u00a0\u00bbdefault\u00a0\u00bb hover_enabled=\u00a0\u00bb0&Prime; global_colors_info=\u00a0\u00bb{}\u00a0\u00bb sticky_enabled=\u00a0\u00bb0&Prime;][et_pb_row _builder_version=\u00a0\u00bb4.25.2&Prime; _module_preset=\u00a0\u00bbdefault\u00a0\u00bb background_color=\u00a0\u00bb#f18700&Prime; border_radii=\u00a0\u00bbon|12px|12px|12px|12px\u00a0\u00bb global_colors_info=\u00a0\u00bb{}\u00a0\u00bb][et_pb_column type=\u00a0\u00bb4_4&Prime; _builder_version=\u00a0\u00bb4.25.2&Prime; _module_preset=\u00a0\u00bbdefault\u00a0\u00bb global_colors_info=\u00a0\u00bb{}\u00a0\u00bb][et_pb_text _builder_version=\u00a0\u00bb4.25.2&Prime; _module_preset=\u00a0\u00bbdefault\u00a0\u00bb global_colors_info=\u00a0\u00bb{}\u00a0\u00bb]<\/p>\n<h1 style=\"text-align: center;\"><strong><span style=\"color: #ffffff;\">INFORMATIONS PRATIQUES<\/span><\/strong><\/h1>\n<p>[\/et_pb_text][\/et_pb_column][\/et_pb_row][et_pb_row column_structure=\u00a0\u00bb1_2,1_2&Prime; _builder_version=\u00a0\u00bb4.25.2&Prime; _module_preset=\u00a0\u00bbdefault\u00a0\u00bb custom_padding=\u00a0\u00bb63px|||||\u00a0\u00bb global_colors_info=\u00a0\u00bb{}\u00a0\u00bb][et_pb_column type=\u00a0\u00bb1_2&Prime; _builder_version=\u00a0\u00bb4.25.2&Prime; _module_preset=\u00a0\u00bbdefault\u00a0\u00bb global_colors_info=\u00a0\u00bb{}\u00a0\u00bb][et_pb_text _builder_version=\u00a0\u00bb4.25.2&Prime; _module_preset=\u00a0\u00bbdefault\u00a0\u00bb global_colors_info=\u00a0\u00bb{}\u00a0\u00bb]<\/p>\n<div class=\"et_pb_toggle_content clearfix\">\n<div data-shortcode-id=\"1.1.0.0.0-1720482519843\" data-quickaccess-id=\"body\" data-quickaccess-order=\"2\" data-quickaccess-editable=\"yes\" class=\"et-fb-popover-tinymce\">\n<div class=\"mce-content-body\" style=\"position: relative;\" contenteditable=\"true\">\n<p><span style=\"font-size: x-large;\">LE PALAIS DES CONGRES DE TOURS<\/span><\/p>\n<p style=\"text-align: justify;\"><span style=\"font-size: large;\">Situ\u00e9 en plein centre ville, \u00e0 100 m\u00e8tres de la gare de Tours, cet \u00e9difice se distingue par son architecture originale, r\u00e9alisation du c\u00e9l\u00e8bre architecte Jean Nouvel.<\/span><\/p>\n<p><span style=\"font-size: large;\">Adresse : 26, boulevard Heurteloup, 37000 Tours<\/span><\/p>\n<\/div>\n<\/div>\n<\/div>\n<p>[\/et_pb_text][et_pb_image src=\u00a0\u00bbhttp:\/\/congresfnas.fr\/wp-content\/uploads\/2024\/11\/palais-des-congres-tours.png\u00a0\u00bb title_text=\u00a0\u00bbpalais-des-congres-tours\u00a0\u00bb _builder_version=\u00a0\u00bb4.25.2&Prime; _module_preset=\u00a0\u00bbdefault\u00a0\u00bb width=\u00a0\u00bb86%\u00a0\u00bb global_colors_info=\u00a0\u00bb{}\u00a0\u00bb][\/et_pb_image][\/et_pb_column][et_pb_column type=\u00a0\u00bb1_2&Prime; _builder_version=\u00a0\u00bb4.25.2&Prime; _module_preset=\u00a0\u00bbdefault\u00a0\u00bb global_colors_info=\u00a0\u00bb{}\u00a0\u00bb][et_pb_image src=\u00a0\u00bbhttp:\/\/congresfnas.fr\/wp-content\/uploads\/2024\/07\/palais-des-congres.jpg\u00a0\u00bb title_text=\u00a0\u00bbpalais-des-congres\u00a0\u00bb _builder_version=\u00a0\u00bb4.25.2&Prime; _module_preset=\u00a0\u00bbdefault\u00a0\u00bb width=\u00a0\u00bb100%\u00a0\u00bb custom_padding=\u00a0\u00bb|||0px||\u00a0\u00bb global_colors_info=\u00a0\u00bb{}\u00a0\u00bb][\/et_pb_image][\/et_pb_column][\/et_pb_row][et_pb_row _builder_version=\u00a0\u00bb4.25.2&Prime; _module_preset=\u00a0\u00bbdefault\u00a0\u00bb global_colors_info=\u00a0\u00bb{}\u00a0\u00bb][et_pb_column type=\u00a0\u00bb4_4&Prime; _builder_version=\u00a0\u00bb4.25.2&Prime; _module_preset=\u00a0\u00bbdefault\u00a0\u00bb global_colors_info=\u00a0\u00bb{}\u00a0\u00bb][et_pb_text _builder_version=\u00a0\u00bb4.25.2&Prime; _module_preset=\u00a0\u00bbdefault\u00a0\u00bb global_colors_info=\u00a0\u00bb{}\u00a0\u00bb]<\/p>\n<p><span style=\"font-size: large;\"><strong><span style=\"font-size: x-large; color: #3366ff;\">ACCES<\/span><\/strong><\/span><span style=\"font-size: large;\"><strong><\/strong><\/span><\/p>\n<p><span style=\"font-size: large;\"><strong>EN TRAIN<\/strong><br \/><\/span><\/p>\n<p><em><span style=\"font-size: large;\">Si vous \u00e9tudiez votre voyage en train, la destination est Saint-Pierre-des-Corps ou Tours.<\/span><\/em><\/p>\n<ul>\n<li><span style=\"font-size: large;\">Gare de Tours-centre : elle est situ\u00e9e \u00e0 100 m\u00e8tres du Palais des Congr\u00e8s, donc \u00e0 proximit\u00e9 des h\u00f4tels.<\/span><span style=\"font-size: large;\"><\/span><span style=\"font-size: large;\"><\/span><\/li>\n<li><span style=\"font-size: large;\">Gare TGV de Saint-Pierre-des-Corps : tous les trains passent par Saint-Pierre, mais tous n&rsquo;arrivent pas jusqu&rsquo;\u00e0 Tours. Mais il y a des trains navettes qui relient les deux gares.<br \/><\/span><\/li>\n<\/ul>\n<p><strong><span style=\"font-size: large;\">EN VOITURE<\/span><\/strong><\/p>\n<ul>\n<li><span style=\"font-size: large;\">Certains h\u00f4tels ont des parkings, nous vous en informerons.<\/span><\/li>\n<li><span style=\"font-size: large;\">Il y a un parking souterrain payant devant le Palais des Congr\u00e8s (600 places)<\/span><span style=\"font-size: large;\"><\/span><\/li>\n<\/ul>\n<p><span style=\"font-size: large;\">Pour circuler dans Tours : \u00e0 pied, en tram ou en bus<\/span><br \/><span style=\"font-size: large;\">Ligne de tram : arr\u00eat Gare de Tours.<em><br \/>\u200d<\/em>Plus de 15 lignes de bus : arr\u00eat Gare-Vinci et arr\u00eat Jean-Jaur\u00e8s<\/span><\/p>\n<p><strong><span style=\"font-size: large;\">EN AVION<\/span><\/strong><\/p>\n<p><span style=\"font-size: large;\"><a href=\"https:\/\/www.tours.aeroport.fr\/\" target=\"_blank\" class=\"link-11\" rel=\"noopener\">A\u00e9roport Tours Val de Loire<\/a><\/span><\/p>\n<p>[\/et_pb_text][\/et_pb_column][\/et_pb_row][et_pb_row _builder_version=\u00a0\u00bb4.25.2&Prime; _module_preset=\u00a0\u00bbdefault\u00a0\u00bb custom_padding=\u00a0\u00bb8px|||||\u00a0\u00bb global_colors_info=\u00a0\u00bb{}\u00a0\u00bb][et_pb_column type=\u00a0\u00bb4_4&Prime; _builder_version=\u00a0\u00bb4.25.2&Prime; _module_preset=\u00a0\u00bbdefault\u00a0\u00bb global_colors_info=\u00a0\u00bb{}\u00a0\u00bb][et_pb_text _builder_version=\u00a0\u00bb4.25.2&Prime; _module_preset=\u00a0\u00bbdefault\u00a0\u00bb hover_enabled=\u00a0\u00bb0&Prime; global_colors_info=\u00a0\u00bb{}\u00a0\u00bb sticky_enabled=\u00a0\u00bb0&Prime;]<\/p>\n<p><strong><span style=\"font-size: x-large; color: #3366ff;\">HEBERGEMENT<\/span><\/strong><\/p>\n<p style=\"text-align: justify;\">Nous avons s\u00e9lectionn\u00e9 plusieurs h\u00f4tels qui sont \u00e0 la fois bien r\u00e9f\u00e9renc\u00e9s et \u00e0 proximit\u00e9 imm\u00e9diate du Palais des Congr\u00e8s, au coeur de Tours.\u00a0Vous pourrez venir \u00e0 pied de votre h\u00f4tel au Centre de conf\u00e9rence.<\/p>\n<p style=\"text-align: justify;\">Nous g\u00e9rons l&rsquo;affectation dans les chambres pr\u00e9-r\u00e9serv\u00e9es en fonction des lots de chambres disponibles, de la taille de chaque groupe et de la dur\u00e9e des s\u00e9jours.\u00a0Quand le jeu de Tetris sera termin\u00e9 nous vous informerons de l&rsquo;h\u00f4tel qui accueillera votre ACEF.<\/p>\n<p>[\/et_pb_text][\/et_pb_column][\/et_pb_row][et_pb_row _builder_version=\u00a0\u00bb4.25.2&Prime; _module_preset=\u00a0\u00bbdefault\u00a0\u00bb global_colors_info=\u00a0\u00bb{}\u00a0\u00bb][et_pb_column type=\u00a0\u00bb4_4&Prime; _builder_version=\u00a0\u00bb4.25.2&Prime; _module_preset=\u00a0\u00bbdefault\u00a0\u00bb global_colors_info=\u00a0\u00bb{}\u00a0\u00bb][et_pb_text _builder_version=\u00a0\u00bb4.25.2&Prime; _module_preset=\u00a0\u00bbdefault\u00a0\u00bb hover_enabled=\u00a0\u00bb0&Prime; global_colors_info=\u00a0\u00bb{}\u00a0\u00bb sticky_enabled=\u00a0\u00bb0&Prime;]<\/p>\n<p><span style=\"font-size: x-large; color: #3366ff;\"><strong>RESTAURANTS<\/strong> AUTOUR DU PALAIS DES CONGRES<\/span><\/p>\n<p>Si vous arrivez d\u00e8s le mercredi soir ou restez le samedi soir, et que vous souhaitez organiser un d\u00eener, voici une liste non exhaustive de restaurants assez proches de vos h\u00f4tels (distance donn\u00e9es par rapport au Palais des Congr\u00e8s).<\/p>\n<p>[\/et_pb_text][\/et_pb_column][\/et_pb_row][et_pb_row _builder_version=\u00a0\u00bb4.25.2&Prime; _module_preset=\u00a0\u00bbdefault\u00a0\u00bb custom_padding=\u00a0\u00bb4px|||||\u00a0\u00bb global_colors_info=\u00a0\u00bb{}\u00a0\u00bb][et_pb_column type=\u00a0\u00bb4_4&Prime; _builder_version=\u00a0\u00bb4.25.2&Prime; _module_preset=\u00a0\u00bbdefault\u00a0\u00bb global_colors_info=\u00a0\u00bb{}\u00a0\u00bb][et_pb_text _builder_version=\u00a0\u00bb4.25.2&Prime; _module_preset=\u00a0\u00bbdefault\u00a0\u00bb hover_enabled=\u00a0\u00bb0&Prime; global_colors_info=\u00a0\u00bb{}\u00a0\u00bb sticky_enabled=\u00a0\u00bb0&Prime;]<\/p>\n<ul>\n<li>LA GALLERY &#8211; 0 m\u00e8tres &#8211; <a href=\"https:\/\/lagallery.tours-evenements.com\/\">https:\/\/lagallery.tours-evenements.com\/<\/a><\/li>\n<li>LE CHIEN JAUNE &#8211; 10 m\u00e8tres &#8211;<a href=\"https:\/\/www.chien-jaune-bistrot.fr\/\" target=\"_blank\" rel=\"noopener\"> https:\/\/www.chien-jaune-bistrot.fr\/<\/a><\/li>\n<li>DAKOTA CAFE &#8211; 50 m &#8211; <a href=\"https:\/\/dakota-cafe-tours.eatbu.com\/?lang=fr#\">https:\/\/dakota-cafe-tours.eatbu.com\/?lang=fr#<\/a><\/li>\n<li>MOOM THAI &#8211; 190 m &#8211; <a href=\"https:\/\/moomthai37.com\/\" target=\"_blank\" rel=\"noopener\">https:\/\/moomthai37.com\/<\/a><\/li>\n<li>BRASSERIE L&rsquo;UNIVERS &#8211; 400 m &#8211; <a href=\"https:\/\/www.brasserie-univers.com\/\">https:\/\/www.brasserie-univers.com\/<\/a><\/li>\n<li>LE BISTROT DU 60 &#8211; 450 m &#8211; <a href=\"https:\/\/drive.google.com\/file\/d\/1amPDrmgh_ppaT2yrsqGFBSNQO1czbI80\/view\" target=\"_blank\" rel=\"noopener\">Carte et r\u00e9servation ici<\/a><span class=\"element-title-inner\"><\/span><\/li>\n<li>NOBUKI &#8211; 450 m &#8211; <a href=\"http:\/\/nobuki.fr\/\" target=\"_blank\" rel=\"noopener\">http:\/\/nobuki.fr\/<\/a><\/li>\n<li><span class=\"element-title-inner\">LE 16 JEAN JAU &#8211; 500 m &#8211; <a href=\"https:\/\/16jeanjau.com\/\" target=\"_blank\" rel=\"noopener\">https:\/\/16jeanjau.com\/<\/a><br \/><\/span><\/li>\n<li>LA TABLE RONDE &#8211; 600 m &#8211; <a href=\"https:\/\/latableronde37.eatbu.com\/?lang=fr\" target=\"_blank\" rel=\"noopener\">https:\/\/latableronde37.eatbu.com\/?lang=fr<\/a><\/li>\n<li>AU MARTIN BLEU &#8211; 700 m &#8211; <a href=\"https:\/\/www.touraine-gourmande.fr\/au-martin-bleu-boutique-1-1-9.html\" target=\"_blank\" rel=\"noopener\">https:\/\/www.touraine-gourmande.fr\/au-martin-bleu-boutique-1-1-9.html<\/a><\/li>\n<li>LE LAURENTY &#8211; 750 m &#8211; <a href=\"https:\/\/www.valdeloire-france.com\/restaurant\/le-laurenty\/\" target=\"_blank\" rel=\"noopener\">https:\/\/www.valdeloire-france.com\/restaurant\/le-laurenty\/<\/a><\/li>\n<li>CHEZ GASTER &#8211; 850 m &#8211; <a href=\"https:\/\/chezgaster-restaurant-traditionnel.fr\/\" target=\"_blank\" rel=\"noopener\">https:\/\/chezgaster-restaurant-traditionnel.fr\/<\/a><\/li>\n<li>LE BISTROT DES BELLES CAVES &#8211; 1 100 m &#8211; <a href=\"https:\/\/www.tripadvisor.fr\/Restaurant_Review-g187130-d5281583-Reviews-Le_Bistrot_Des_Belles_Caves-Tours_Indre_et_Loire_Centre_Val_de_Loire.html\" target=\"_blank\" rel=\"noopener\">infos et r\u00e9servation ici<\/a><\/li>\n<li>Pour d\u00e9couvrir l&rsquo;ambiance festive du vieux Tours et la fameuse place Plumereau<br \/>LA MANUFACTURE &#8211; <a href=\"https:\/\/www.la-manufacture-tours.fr\/\" target=\"_blank\" rel=\"noopener\">https:\/\/www.la-manufacture-tours.fr\/<\/a><\/li>\n<li>Pour profiter des bords de Loire dans une ambiance joyeuse :<br \/>LA GUINGUETTE ou CHEZ DUPONT &#8211; 1 200 m &#8211; <a href=\"https:\/\/laguinguette.tours.fr\/restauration\/\">https:\/\/laguinguette.tours.fr\/restauration\/<\/a><\/li>\n<\/ul>\n<p>[\/et_pb_text][et_pb_text _builder_version=\u00a0\u00bb4.25.2&Prime; _module_preset=\u00a0\u00bbdefault\u00a0\u00bb hover_enabled=\u00a0\u00bb0&Prime; sticky_enabled=\u00a0\u00bb0&Prime;]<\/p>\n<ul>\n<li>Dans Tours, les restaurants foisonnent, rue Colbert, rue du Commerce, autour des Halles&#8230;<br \/><a href=\"https:\/\/www.tours-tourisme.fr\/preparez-votre-sejour\/restaurants\/\" target=\"_blank\" rel=\"noopener\">https:\/\/www.tours-tourisme.fr\/preparez-votre-sejour\/restaurants\/<\/a><br \/><a href=\"https:\/\/www.touraineloirevalley.com\/preparer\/nos-meilleurs-restaurants\/tous-nos-restaurants\/\" target=\"_blank\" rel=\"noopener\">https:\/\/www.touraineloirevalley.com\/preparer\/nos-meilleurs-restaurants\/tous-nos-restaurants\/<\/a><\/li>\n<\/ul>\n<p>[\/et_pb_text][\/et_pb_column][\/et_pb_row][et_pb_row _builder_version=\u00a0\u00bb4.25.2&Prime; _module_preset=\u00a0\u00bbdefault\u00a0\u00bb column_structure=\u00a0\u00bb1_3,1_3,1_3&Prime;][et_pb_column _builder_version=\u00a0\u00bb4.25.2&Prime; _module_preset=\u00a0\u00bbdefault\u00a0\u00bb type=\u00a0\u00bb1_3&Prime;][et_pb_image src=\u00a0\u00bbhttp:\/\/congresfnas.fr\/wp-content\/uploads\/2025\/04\/place_plumereau_ville_tours_adt_touraine_coutand_2029.jpg\u00a0\u00bb _builder_version=\u00a0\u00bb4.25.2&Prime; _module_preset=\u00a0\u00bbdefault\u00a0\u00bb hover_enabled=\u00a0\u00bb0&Prime; sticky_enabled=\u00a0\u00bb0&Prime; title_text=\u00a0\u00bbplace_plumereau_ville_tours_adt_touraine_coutand_2029&Prime;][\/et_pb_image][\/et_pb_column][et_pb_column _builder_version=\u00a0\u00bb4.25.2&Prime; _module_preset=\u00a0\u00bbdefault\u00a0\u00bb type=\u00a0\u00bb1_3&Prime;][et_pb_image src=\u00a0\u00bbhttp:\/\/congresfnas.fr\/wp-content\/uploads\/2025\/04\/rue-colbert.png\u00a0\u00bb _builder_version=\u00a0\u00bb4.25.2&Prime; _module_preset=\u00a0\u00bbdefault\u00a0\u00bb title_text=\u00a0\u00bbrue-colbert\u00a0\u00bb hover_enabled=\u00a0\u00bb0&Prime; sticky_enabled=\u00a0\u00bb0&Prime;][\/et_pb_image][\/et_pb_column][et_pb_column _builder_version=\u00a0\u00bb4.25.2&Prime; _module_preset=\u00a0\u00bbdefault\u00a0\u00bb type=\u00a0\u00bb1_3&Prime;][et_pb_image src=\u00a0\u00bbhttp:\/\/congresfnas.fr\/wp-content\/uploads\/2025\/04\/guinguette.webp\u00a0\u00bb _builder_version=\u00a0\u00bb4.25.2&Prime; _module_preset=\u00a0\u00bbdefault\u00a0\u00bb title_text=\u00a0\u00bbguinguette\u00a0\u00bb hover_enabled=\u00a0\u00bb0&Prime; sticky_enabled=\u00a0\u00bb0&Prime;][\/et_pb_image][\/et_pb_column][\/et_pb_row][\/et_pb_section][et_pb_section fb_built=\u00a0\u00bb1&Prime; _builder_version=\u00a0\u00bb4.25.2&Prime; _module_preset=\u00a0\u00bbdefault\u00a0\u00bb global_colors_info=\u00a0\u00bb{}\u00a0\u00bb][\/et_pb_section]<\/p>\n","protected":false},"excerpt":{"rendered":"<p>INFORMATIONS PRATIQUES LE PALAIS DES CONGRES DE TOURS Situ\u00e9 en plein centre ville, \u00e0 100 m\u00e8tres de la gare de Tours, cet \u00e9difice se distingue par son architecture originale, r\u00e9alisation du c\u00e9l\u00e8bre architecte Jean Nouvel. Adresse : 26, boulevard Heurteloup, 37000 Tours ACCES EN TRAIN Si vous \u00e9tudiez votre voyage en train, la destination est [&hellip;]<\/p>\n","protected":false},"author":1,"featured_media":0,"parent":0,"menu_order":0,"comment_status":"closed","ping_status":"closed","template":"","meta":{"_et_pb_use_builder":"on","_et_pb_old_content":"<!-- wp:divi\/placeholder \/-->","_et_gb_content_width":"","footnotes":""},"class_list":["post-25","page","type-page","status-publish","hentry"],"_links":{"self":[{"href":"https:\/\/congresfnas.fr\/index.php\/wp-json\/wp\/v2\/pages\/25","targetHints":{"allow":["GET"]}}],"collection":[{"href":"https:\/\/congresfnas.fr\/index.php\/wp-json\/wp\/v2\/pages"}],"about":[{"href":"https:\/\/congresfnas.fr\/index.php\/wp-json\/wp\/v2\/types\/page"}],"author":[{"embeddable":true,"href":"https:\/\/congresfnas.fr\/index.php\/wp-json\/wp\/v2\/users\/1"}],"replies":[{"embeddable":true,"href":"https:\/\/congresfnas.fr\/index.php\/wp-json\/wp\/v2\/comments?post=25"}],"version-history":[{"count":37,"href":"https:\/\/congresfnas.fr\/index.php\/wp-json\/wp\/v2\/pages\/25\/revisions"}],"predecessor-version":[{"id":8775,"href":"https:\/\/congresfnas.fr\/index.php\/wp-json\/wp\/v2\/pages\/25\/revisions\/8775"}],"wp:attachment":[{"href":"https:\/\/congresfnas.fr\/index.php\/wp-json\/wp\/v2\/media?parent=25"}],"curies":[{"name":"wp","href":"https:\/\/api.w.org\/{rel}","templated":true}]}}